 be the second derivative of -44*q**3/3 + q**2/2 - 34*q. Is p(-12) a composite number?
True
Let r = -50 + 51. Is (-3 - 0) + 1/r - -1365 a prime number?
False
Suppose 5*o - 4*r = 19138 + 34445, 3*o = 4*r + 32145. Suppose 0 = 14*t - 5*t - o. Is t composite?
True
Suppose 0*z - 5 = 3*z + o, -2*z - o = 5. Suppose 4*l + 94 + 22 = z. Let f = 42 + l. Is f composite?
False
Let m = 7 + -4. Let g(o) = -o**3 + 3. Let q be g(0). Let j = q + m. Is j composite?
True
Let z(j) = -58*j**3 + 3*j**2 + 61*j - 19. Is z(-8) prime?
False
Suppose -3300 - 453 = -9*b. Let s = -268 + b. Is s prime?
True
Suppose -2*p = 3*m - 1765 - 33984, -89350 = -5*p - 3*m. Is p prime?
False
Let x = 33 - 4. Suppose 2*t = 3*j - x - 152, -4*j + 2*t + 238 = 0. Is j a composite number?
True
Let f = 1847 - 646. Is f a prime number?
True
Let k = -1693 + 2486. Let v = k + -427. Suppose -4*o = 4*c - 656, 5*o - 452 = -3*c + v. Is o a prime number?
True
Let q be 19892/(-7) - (-4)/(-14). Let f = -1931 - q. Is f composite?
False
Suppose 0 = -4*h + 2144 - 480. Suppose 44 = -3*r + h. Suppose -p - 328 = -4*v, 3*v + r = -2*p + 381. Is v a composite number?
False
Let o be (8/14)/((-198)/42 - -5). Suppose j + 5*f - 42 = 0, 4*j + f = o*j + 75. Is j a prime number?
True
Let n(x) = -x**3 - 25*x**2 - 18*x + 1. Is n(-25) prime?
False
Suppose -6262 = -3*h + 8492. Is h composite?
True
Suppose 2*u = 14 + 2. Let w(i) = i**2 - 8*i + 4. Let c be w(u). Suppose -3*t + 6*n = c*n - 251, -4*t - n + 331 = 0. Is t composite?
False
Suppose -5 + 35 = 10*l. Suppose -l*r = -8*r + 7715. Is r a prime number?
True
Let a(l) = 23 + 6*l + 6*l + 5*l + 3*l**2 + 7*l. Is a(-10) composite?
False
Let z be (-3)/7 - (-104)/14. Suppose -3*f + 3220 = 2*f. Suppose -3*m + z*m - f = 0. Is m prime?
False
Let a(w) = -w**2 - 8*w + 1. Suppose -4*x - 22 = 10. Let z be a(x). Let v(d) = 49*d. Is v(z) a prime number?
False
Suppose 6*m - 2*m - 5*h - 4542 = 0, 0 = -4*m - 3*h + 4558. Let n be (4 + -1)*(-34)/(-3). Suppose -4*d = -n - m. Is d a prime number?
True
Let u = -14140 + 20571. Is u prime?
False
Suppose -2*f - 21 = -3*n + 11, 4*n = f + 46. Suppose x - 12 = 4*g, -x + 2*g + 0 = -n. Is (-583)/(-2) + 18/x a prime number?
True
Let a = 603 + -192. Is a composite?
True
Let i(k) = k + 1. Let b be i(-1). Suppose 3*v = -b*v + 615. Is v a composite number?
True
Suppose 0 = 5*o - 5*i - 55, 2*o + 3*i = 4 + 18. Let z(v) = 13*v**2 - 18*v - 18. Is z(o) a prime number?
False
Let c be (-3)/(-6)*-1*338. Let h = c + 1218. Is h prime?
True
Suppose -130*t + 135*t + 4*o - 55179 = 0, -5*o + 44145 = 4*t. Is t prime?
False
Is 11 + (-16640)/(-39)*12 composite?
True
Is 1203 - ((-2)/4)/((-19)/(-152)) a composite number?
True
Let t(b) = 324*b + 23. Let d(k) = k**2 + 2*k + 1. Let s be d(-3). Is t(s) prime?
True
Suppose 12*s + 0*s - 521148 = 0. Is s a prime number?
False
Let p(i) = 3*i + 4. Let k be p(0). Suppose 3 = 3*n, n + k*n = 4*f - 991. Is f a prime number?
False
Let y(q) = -q**2 + 88*q + 22. Is y(32) composite?
True
Let x(k) = k**3 - 31*k**2 + 34*k - 16. Is x(35) composite?
True
Suppose 3*x = 4*x - 3. Is x - (4 + 5 + -133) a composite number?
False
Suppose -x = -t - t - 18, 43 = -5*t + 2*x. Let n = t + 9. Suppose -78 = -n*a - 5*v + 201, -3*a = 3*v - 396. Is a prime?
True
Suppose 0 = -49*j + 14214 + 1277965. Is j a prime number?
True
Let d(x) = -35*x - 1. Let j(v) = -36*v - 1. Let z(o) = -5*d(o) + 6*j(o). Let a be z(9). Let t = -147 - a. Is t a composite number?
False
Suppose -26 = 2*t - 0*t - 5*a, -4*a + 13 = t. Let p be (5/t)/((-1)/3). Suppose 28 = 2*j + 2*f - 0*f, 3*j - 42 = p*f. Is j a composite number?
True
Let v(i) = i**3 - 4*i**2 - 4*i - 1. Let r be v(5). Suppose k - 15 = -r*n, -5*n + 3*n + 4*k = -12. Suppose 0 = -3*y + 3*p + 258, y + 252 = n*y - 5*p. Is y prime?
True
Suppose 3*a = -2*a + 2615. Suppose -8*z + 2835 - a = 0. Is z composite?
True
Suppose 3*i = -z + 20, -3*i + 10 = -z - 0*i. Suppose 0 = z*f - 9*f + 29132. Is f a composite number?
False
Is 2/(-6)*(-24)/32*23812 a composite number?
False
Let g = 3846 + -2474. Suppose 2*r - 442 = g. Is r prime?
True
Let q(a) = 7*a**2 - 27. Let x(j) = -6*j**2 + j + 26. Let o(z) = -5*q(z) - 6*x(z). Let u be 0 + (-146)/10 + 21/35. Is o(u) prime?
False
Let j(p) be the first derivative of -7 - 17*p + 65/2*p**2. Is j(6) prime?
True
Let f = -221 + 1582. Is f composite?
False
Let l be (341/11)/((-2)/(-22)). Suppose -3*r + l + 52 = 0. Is r a prime number?
True
Let p = 2362 + -1459. Suppose 3*s - 20 = -s, 3*s - p = -4*t. Suppose t = 2*y - 0*y. Is y a prime number?
False
Suppose 3*h - 3934 - 2381 = 0. Let o = 3084 - h. Is o prime?
False
Let h(d) = -d**2 - 21*d + 17. Let i be (-3 + 21)/(12/(-8)). Let g be h(i). Suppose 2*p + 2*u - 712 = 0, -p + g + 243 = -3*u. Is p prime?
True
Suppose -5*w - 33658 = -d - 7744, 0 = -2*w + 10. Is d composite?
False
Let f be 4 + (-1096 - (-5 - -4) - -1). Let z = f + 2759. Is z prime?
True
Is (94326 - 68)*((-4)/(-2))/4 composite?
False
Let i be 159/6 - ((-4)/8)/(-1). Suppose -15234 = -8*q - i. Is q composite?
False
Suppose 42628 - 279458 = -10*g. Is g composite?
True
Let y = -20 + 17. Let v(p) = -250*p - 7. Is v(y) prime?
True
Let y be ((-3)/12*-6)/((-12)/(-12752)). Suppose -8*h = -6*h - y. Is h a composite number?
False
Let v be ((-1)/2)/(14/(-56)). Is (-1)/((-1917)/957 + v) composite?
True
Let k(p) = -p**2 - p + 5. Let t be k(0). Suppose -t*l + 5*y = -7985, y = 4*l + 4*y - 6360. Let z = l - 958. Is z a prime number?
False
Let u(z) = 289*z - 69. Is u(4) a composite number?
False
Let l(n) = n**2 - 9*n + 7. Let f be l(7). Let b = -2 - f. Suppose 2*q = b + 41. Is q prime?
True
Let z = 335 + -220. Suppose 0 = -2*d + 447 - 59. Let o = d - z. Is o a prime number?
True
Let q(i) = 3*i**2 + 12*i - 10. Let j(y) = -6*y**2 - 23*y + 19. Let a(f) = 3*j(f) + 7*q(f). Let g be (10/(-40))/(2/(-56)). Is a(g) composite?
False
Let s be 1 - (-1)/((-2)/(-2)). Suppose -2*x - q + 4 = -3*x, -s*x - 4*q + 10 = 0. Is (x/3)/((-1)/573) a prime number?
True
Let y(w) = 7*w**2 - w - 64. Is y(14) composite?
True
Let m(k) be the third derivative of k**5/20 - 7*k**4/24 - 7*k**3/6 - 19*k**2. Is m(-6) a prime number?
False
Suppose -2*l + 5215 = -14893. Let h = -6395 + l. Is h composite?
False
Suppose 0 = 2*v - 90050 - 71096. Is v composite?
True
Let s(m) = -17*m**3 + 7*m**2 - 4*m. Let n(w) = 52*w**3 - 20*w**2 + 12*w - 1. Let h(c) = 3*n(c) + 8*s(c). Is h(2) prime?
True
Suppose -10*n + 8*n + 1978 = 0. Let p = n + 3538. Let r = 6410 - p. Is r prime?
False
Let y = 1019 - 522. Is y a prime number?
False
Let f(j) = -1547*j**3 + 4*j + 5. Is f(-2) prime?
True
Let z(j) = -27*j - 10. Is z(-7) a prime number?
True
Let k(b) = -b**2 + 41*b - 27. Is k(11) a composite number?
True
Suppose -3*y - 13 = -v, -y - 7*v - 6 = -9*v. Is ((-1)/y)/(5/12820) a composite number?
False
Suppose -785 = 4*o - 41005. Is o prime?
False
Suppose 4*t - 4*l = -l - 8, 3*l = 0. Let d(k) = -39*k**2 - 8*k - 1. Let j(w) = -38*w**2 - 7*w - 1. Let u(r) = 6*d(r) - 7*j(r). Is u(t) a composite number?
False
Is 81975/(-15)*(-2)/2 composite?
True
Let k(i) = -133*i - 32. Is k(-5) prime?
False
Suppose 21*h - 39048 = -2235. Is h a prime number?
True
Suppose 8*b = -b + 1341. Is b composite?
False
Let y(i) = 10*i**2 + 20*i - 16. Let f(b) = -3*b**2 - 7*b + 5. Let a(g) = 17*f(g) + 6*y(g). Is a(-6) composite?
False
Suppose 2*j - 5047 + 129 = 0. Is j a prime number?
True
Let d = -295 + 534. Is 3*(d/6 - 0)*2 prime?
True
Let z be (0 - -169) + (-3)/(-8)*8. Let m = 287 - z. Is m composite?
True
Suppose 2*n = -3*r - 45, n - 2*n - 5*r - 19 = 0. Let k = n - -12. Is (-3)/k - 465/(-12) a prime number?
False
Let q be (4/(-3))/(6/(-9)). Let f be 1281/35 - q/(-5). Suppose 0 = -9*s + 8*s + f. Is s a prime number?
True
Suppose -17*r + 15*r + 10762 = 0. Is r prime?
True
Let b be -1*2 + 4 + 0. Suppose 0 = 5*h + 3*y - 787, b - 4 = 2*y. Is h prime?
False
Suppose -4*j - 16 = -8*j. Suppose -4*i + 0*i = j. Let u = i - -90. Is u composite?
False
Let p(t) be the second derivative of t**3/6 + 3*t**2 - 3*t. Let v be p(-7). Is ((v - 0) + 4)*17 a prime number?
False
Let k(p) be the first derivative of 2*p**3 + 3*p**2/2 - 5*p - 1. Is k(-4) composite?
False
Let z be 57/12 + (-5)/(-20). Let s(n) = n**2 - 5*n + 3. Let h be s(z). Suppose -339 - 42 = -h*k. Is k a composite number?
False
Suppose 156 = l + 5*k + 542, 0 = -l - 4*k 